 = u - -21. What is the tens digit of h?
1
Suppose 5*a = 3*f - 7*f - 45, 0 = -2*f - 2*a - 22. What is the tens digit of ((-72)/f)/((-11)/((-165)/2))?
5
Let r = 20 - 10. Let k = r + -6. Suppose 0 = s - k*f - 24, -4*s - 6*f = -f - 96. What is the units digit of s?
4
Let v(b) = b**3 - 16*b**2 + 10*b - 1. Let p be v(16). Suppose -7*r + p + 226 = 0. What is the units digit of r?
5
Suppose -2*p = -10 - 10. Let j = p + 243. What is the units digit of j?
3
Suppose -n = 3*s - 10, -2*s - 4*n + 10 = -0*s. Let w be 76*(s/1)/3. Suppose h - w = -5*x, h + 2 = 3*x - 42. What is the units digit of x?
5
Let s = 594 - -2061. What is the tens digit of s?
5
Suppose -19*u = -5528 - 6290. What is the tens digit of u?
2
Suppose -9*x - 544 = 275. Let v = 73 - x. What is the hundreds digit of v?
1
Let h be 1388/11 + 42/(-231). Suppose 44 + h = 2*f. What is the units digit of f?
5
Let m(d) = 447*d**3 + 3*d**2 + d - 3. What is the hundreds digit of m(1)?
4
Let t(b) = -b + 8. Let f be t(-6). Let x = -11 + 11. Suppose x = -l - 2*c + f, -l - 3*l + 5*c + 108 = 0. What is the tens digit of l?
2
Let f(k) = k**2 + 3*k - 7. Let s be f(-5). Let p be 1 - (s - 2)*-1. What is the units digit of p/5 + (-186)/(-10)?
9
Let b = 13 + -8. Suppose 5*c - 55 = b*n, -5*n + 35 = -3*c + 7*c. What is the units digit of ((-4)/c)/(6/(-660))?
4
Let o be (-17)/51 + (-1)/(-3). Let k(v) = -v**3 + v**2 + 46. What is the tens digit of k(o)?
4
Suppose 3*k - 12 = -6. Suppose -h = -k*m - 3*m + 14, 17 = 2*h + 5*m. What is the tens digit of 18 + h + -6 + 3?
1
Suppose -4*p - 3*h = -p, -4*p - 2*h + 4 = 0. Let u = -3 - p. What is the units digit of (-111)/u - 3/15?
2
What is the hundreds digit of ((-14)/28)/(2/(-1704))?
4
What is the thousands digit of ((-119)/(-17))/(-21) - 4660/(-3)?
1
Let a be (-80)/(-20) + 25 + 0. Let b = a + 128. What is the tens digit of b?
5
Suppose 2*a + 4*m = -272, a + m - 680 = 6*a. What is the units digit of ((-7)/4)/(17/a)?
4
Let f(h) be the third derivative of -h**6/120 - 2*h**5/15 - 7*h**4/24 - 17*h**3/6 + 24*h**2. What is the units digit of f(-8)?
9
Suppose 6130 = 9*l - 3842. What is the thousands digit of l?
1
Let r(d) = 4*d**3 - 2*d**2 + 2*d - 1. Let f be r(1). Suppose f*m - 68 = m. What is the tens digit of m?
3
Let c(s) = 8*s - 17. Suppose -9 = -2*q + 3. What is the units digit of c(q)?
1
Suppose 82 + 153 = 5*r. Let d(c) = -c**3 - 9*c**2 - 10*c - 13. Let u be d(-8). Suppose -2*n - u*n - g = -187, 5*g = -n + r. What is the units digit of n?
7
Suppose -56*x + 102940 = -58676. What is the tens digit of x?
8
Let n be (12/(-4))/((-1)/59*3). Let i = 129 - n. What is the units digit of i?
0
Suppose -j + 741 = -3*l + 4*l, -1479 = -2*j - 3*l. What is the tens digit of j?
4
Suppose g - 2*g - 125 = 0. Let w = g - -204. What is the units digit of w?
9
Let s be (-52)/10*(-12 + 17). What is the units digit of (s/4)/((-13)/26)?
3
Suppose 0 = -2*k + 5*u + 1, -13 = -5*k + k - u. Suppose -4*l + 0*l = 2*f - 302, 0 = k*l - 4*f - 232. What is the tens digit of l?
7
Let k(a) = a**2 + 6*a + 10. Let j be k(-4). Suppose -l - l + j = 0. Let n(b) = 41*b**2 + 1. What is the units digit of n(l)?
2
Suppose 0 = 11*w - 10*w + 4*s - 473, 5*s = 5*w - 2440. What is the tens digit of w?
8
Let q(p) = -11*p - 4. Let m be q(-21). Suppose -2*n + n = -m. What is the hundreds digit of n?
2
Suppose -6*q + 10*q + 54 = 2*z, z = 4*q + 37. What is the units digit of z?
7
Let u(v) = -11*v - 4 + 29*v + 24*v - 5*v. What is the hundreds digit of u(5)?
1
Suppose -5*f = -4*z + 4081, -3*z - 2*f = -5*z + 2042. What is the thousands digit of z?
1
Suppose 2*t + b + 17 + 2 = 0, -4*b - 36 = 4*t. Let i = t + 62. What is the tens digit of i?
5
Let p = 3 - -6. Let n(t) = -t - 3. Let k be n(p). What is the units digit of (-3)/6*(-2 + k)?
7
Let o = -10 - -15. Suppose q + t - 465 = 3*q, o*q + 2*t + 1158 = 0. What is the units digit of (2/(-4))/(4/q)?
9
Let w = 34 + -34. Suppose 3*d - 355 = -4*p + 317, -4*p - 4*d + 676 = w. What is the hundreds digit of p?
1
Suppose -4*j = -5*k + 4655, 620 + 3990 = 5*k + 5*j. What is the units digit of k?
7
Let q = -82 + 345. What is the hundreds digit of q?
2
Let y = -5 - -2. Let k = 69 - y. What is the units digit of k?
2
Let u be (-15)/(-6)*(-3 + 5). Suppose u*x = -1 - 19. Let i(l) = 2*l**2 + 5*l + 10. What is the tens digit of i(x)?
2
Let c = -295 - -565. Suppose 6*g - g = -5*x + c, -4*x + 206 = 2*g. What is the units digit of x?
9
Let p(l) = 3*l - 17. Let a be p(9). Suppose a*w + 732 = 16*w. What is the hundreds digit of w?
1
Let h = -14 + 17. Suppose 0 = h*t + 4*g + 584, -193 - 9 = t + 5*g. What is the tens digit of t/(-15) - 1/(-5)?
1
Suppose t = -4*w + 231, -225 = -3*t - w + 501. What is the units digit of t?
3
Let a(v) = -v**3 - 5*v**2 + 6. Let z = 13 - 19. Let h be a(z). What is the tens digit of (-514)/(-14) - (-12)/h?
3
What is the units digit of 0 + -8 + 917 + 2 + 0?
1
Let p be (5 - 8) + (-3)/(6/4). Let z(n) = -25*n - 8. What is the tens digit of z(p)?
1
Let z(a) = a**3 + a**2 - 24*a + 166. What is the hundreds digit of z(10)?
0
Suppose 50540 = -n + 39*n. What is the tens digit of n?
3
Let r(c) be the first derivative of 29/2*c**2 + 0*c + 6. What is the tens digit of r(1)?
2
Let v = -703 + 426. What is the tens digit of -6 + (-560)/(-90) + v/(-9)?
3
Suppose 20*t + 3*b = 15*t + 18420, -5*b = t - 3684. What is the hundreds digit of t?
6
Suppose 0*k = 4*h + 3*k - 73, 4*k - 72 = -4*h. Let o = -23 + h. What is the units digit of (-4 - -8)/(o/(-18))?
8
Let r = 25 - 42. Let q be (2/4)/(((-65)/420)/(-13)). Let w = q + r. What is the units digit of w?
5
Suppose 71356 + 16384 = 20*z. What is the thousands digit of z?
4
Suppose 0 = 10*j - 8*j. Suppose 5*h - 2*p = j, -h = 3*h - p. Suppose 3*v + 4 + 2 = h, 0 = 3*i + 5*v - 68. What is the tens digit of i?
2
Suppose 3*b - 1578 - 1050 = 0. What is the units digit of b?
6
What is the hundreds digit of 43542/15 - 78/(-390)?
9
Let f(d) = 23*d + 39. What is the hundreds digit of f(9)?
2
Let t be ((-125)/(-10))/((-2)/4). Let a = t - -39. Suppose v = -3*i + a + 33, 0 = -2*i - 3*v + 29. What is the tens digit of i?
1
Let g be (6 - 5)*(-10)/2. Let y = g - -7. Suppose 4*h = -y*d, -3*h + 2*h = -4*d - 18. What is the units digit of h?
2
Let y(x) = -x**3 + 6*x**2 + 8*x - 8. Let f be y(7). What is the tens digit of -4*f*5*(-10)/(-2)?
0
Suppose 15 - 35 = 2*f. What is the units digit of 120/48*(16/f)/(-1)?
4
What is the units digit of 36 + -2 + 3 + -3 - -1?
5
Let u = 15 - 15. Suppose u*t - 197 = -4*t + m, 3*t + 2*m - 156 = 0. Suppose o + o = t. What is the units digit of o?
5
Suppose -25*b + 579 = -37121. What is the hundreds digit of b?
5
Let s(j) = j**2 + j + 10. Let b(t) = -2*t - 9. Let w(g) = 6*b(g) + 5*s(g). What is the hundreds digit of w(7)?
1
Let t = 43 - 43. Suppose 5*d - 3*f = 119, t*d + d = 5*f + 37. What is the tens digit of d?
2
Let v be ((-1608)/(-30))/((2/1)/10). Suppose -b + v = 3*b. What is the tens digit of b?
6
Suppose -2*r = -5*h - 6*r - 1344, -4*h - 3*r = 1075. What is the tens digit of h/(-3) + 0 + 18/27?
9
Let v(p) = 71*p**2 - 15*p + 2. What is the hundreds digit of v(-5)?
8
Let o(i) = -23*i - 34. Let c(y) = 8*y + 11. Let n(p) = 11*c(p) + 4*o(p). Suppose -3*u = 2*u - 25, -d + 4*u - 27 = 0. What is the tens digit of n(d)?
1
Let h = 87 + -48. What is the hundreds digit of (0 + -9)*(-715)/h?
1
Let x(t) = 11*t**2 + 3*t - 208. What is the hundreds digit of x(19)?
8
Suppose y = -1 + 170. What is the tens digit of y?
6
Suppose 8*m = 13*m - 1370. Let s be (-33)/55 - m/10. Let q = 34 + s. What is the units digit of q?
6
Suppose 0 = 30*q - 12*q - 47646. What is the tens digit of q?
4
Suppose -2*v - v = 39. Let y = 15 + v. What is the tens digit of 3 - (3 - 22 - y)?
2
Suppose 2*l + 6 = 0, -6*l + 3*l - 3753 = -4*y. What is the tens digit of y?
3
Suppose 6*i - 7 + 1 = 0. What is the tens digit of 64/3 - (i + 5/(-3))?
2
Let a(v) = -3*v - 10. Let r be a(-6). Let h be 2*-29*4/r. Let u = 35 + h. What is the units digit of u?
6
Let p(q) = -15*q + 7. Let u be p(1). Let k = 16 - u. What is the tens digit of k?
2
Suppose 11*b - 37 + 686 = 0. Let p = 143 - b. What is the tens digit of p?
0
Suppose -304*n = -313*n + 13752. What is the hundreds digit of n?
5
Suppose 51*b = 24*b + 78948. What is the thousands digit of b?
2
Let a(y) = -y + 2. Let s be a(0). Let c be ((-2)/